{"id":41,"date":"2021-09-10T15:52:56","date_gmt":"2021-09-10T18:52:56","guid":{"rendered":"https:\/\/felin.pro.br\/?page_id=41"},"modified":"2024-04-05T00:45:18","modified_gmt":"2024-04-05T03:45:18","slug":"estante-do-felin","status":"publish","type":"page","link":"https:\/\/felin.pro.br\/index.php\/estante-do-felin\/","title":{"rendered":"Estante do FELIN"},"content":{"rendered":"\n<div class=\"wp-block-file\"><a href=\"https:\/\/felin.pro.br\/wp-content\/uploads\/2021\/09\/Ebook-XI-Felin-A-unidade-A-Variacao.pdf\"><strong>XI FELIN<\/strong> &#8211; L\u00edngua Portuguesa: a unidade, a varia\u00e7\u00e3o e a representa\u00e7\u00e3o<\/a><a href=\"https:\/\/felin.pro.br\/wp-content\/uploads\/2021\/09\/Ebook-XI-Felin-A-unidade-A-Variacao.pdf\" class=\"wp-block-file__button\" download>Download<\/a><\/div>\n\n\n\n<hr class=\"wp-block-separator\"\/>\n\n\n\n<div class=\"wp-block-file\"><a href=\"https:\/\/felin.pro.br\/wp-content\/uploads\/2021\/09\/Ebook-XII-Felin-Tradicoes-e-Modernidades.pdf\"><strong>XII FELIN<\/strong> &#8211; Tradi\u00e7\u00f5es e Modernidades: trocando experi\u00eancias sobre l\u00edngua portuguesa<\/a><a href=\"https:\/\/felin.pro.br\/wp-content\/uploads\/2021\/09\/Ebook-XII-Felin-Tradicoes-e-Modernidades.pdf\" class=\"wp-block-file__button\" download>Download<\/a><\/div>\n\n\n\n<hr class=\"wp-block-separator\"\/>\n\n\n\n<div class=\"wp-block-file\"><a href=\"https:\/\/felin.pro.br\/wp-content\/uploads\/2021\/09\/Ebook-XIII-Felin-A-lingua-que-nos-une-VOL_-01.pdf\"><strong>XIII FELIN<\/strong> &#8211; Ensino de L\u00edngua Portuguesa: interfaces<\/a><a href=\"https:\/\/felin.pro.br\/wp-content\/uploads\/2021\/09\/Ebook-XIII-Felin-A-lingua-que-nos-une-VOL_-01.pdf\" class=\"wp-block-file__button\" download>Download<\/a><\/div>\n\n\n\n<div class=\"wp-block-file\"><a href=\"https:\/\/felin.pro.br\/wp-content\/uploads\/2021\/09\/Ebook-XIII-Felin-A-lingua-que-nos-une-VOL_-02.pdf\"><strong>XIII FELIN<\/strong> &#8211; Estudos de gram\u00e1tica, l\u00e9xico, discurso e tradu\u00e7\u00e3o: interfaces<\/a><a href=\"https:\/\/felin.pro.br\/wp-content\/uploads\/2021\/09\/Ebook-XIII-Felin-A-lingua-que-nos-une-VOL_-02.pdf\" class=\"wp-block-file__button\" download>Download<\/a><\/div>\n\n\n\n<div class=\"wp-block-file\"><a href=\"https:\/\/felin.pro.br\/wp-content\/uploads\/2021\/09\/Ebook-XIII-Felin-A-lingua-que-nos-une-VOL_-03.pdf\"><strong>XIII FELIN <\/strong>&#8211; Literaturas: interfaces<\/a><a href=\"https:\/\/felin.pro.br\/wp-content\/uploads\/2021\/09\/Ebook-XIII-Felin-A-lingua-que-nos-une-VOL_-03.pdf\" class=\"wp-block-file__button\" download>Download<\/a><\/div>\n\n\n\n<hr class=\"wp-block-separator\"\/>\n\n\n\n<div class=\"wp-block-file\"><a href=\"https:\/\/felin.pro.br\/wp-content\/uploads\/2024\/03\/FELIN_2022_Ebook_01_VF_siteN.pdf\"><strong>XIV FELIN<\/strong> &#8211; <span class=\"has-inline-color has-vivid-cyan-blue-color\"><strong>Viv\u00eancias em L\u00edngua Portuguesa<\/strong><\/span>: lingu\u00edstica, gram\u00e1tica e ensino<\/a><a href=\"https:\/\/felin.pro.br\/wp-content\/uploads\/2024\/03\/FELIN_2022_Ebook_01_VF_siteN.pdf\" class=\"wp-block-file__button\" download>Download<\/a><\/div>\n\n\n\n<div class=\"wp-block-file\"><a href=\"https:\/\/felin.pro.br\/wp-content\/uploads\/2024\/04\/FELIN_2022_Ebook_02_VFf3_site.pdf\"><strong>XIV FELIN<\/strong> &#8211; <strong><span class=\"has-inline-color has-vivid-green-cyan-color\">Viv\u00eancias em L\u00edngua Portuguesa<\/span><\/strong>: palavra, discurso e ensino<\/a><a href=\"https:\/\/felin.pro.br\/wp-content\/uploads\/2024\/04\/FELIN_2022_Ebook_02_VFf3_site.pdf\" class=\"wp-block-file__button\" download>Download<\/a><\/div>\n\n\n\n<div class=\"wp-block-file\"><a href=\"https:\/\/felin.pro.br\/wp-content\/uploads\/2024\/03\/FELIN_2022_Ebook_03_VF_site.pdf\"><strong>XIV FELIN<\/strong> &#8211; <span class=\"has-inline-color has-luminous-vivid-orange-color\"><strong>Viv\u00eancias em L\u00edngua Portuguesa<\/strong><\/span>: produ\u00e7\u00e3o textual e ensino<\/a><a href=\"https:\/\/felin.pro.br\/wp-content\/uploads\/2024\/03\/FELIN_2022_Ebook_03_VF_site.pdf\" class=\"wp-block-file__button\" download>Download<\/a><\/div>\n\n\n\n<div class=\"wp-block-file\"><a href=\"https:\/\/felin.pro.br\/wp-content\/uploads\/2024\/03\/FELIN_2022_Ebook_04_VF_site.pdf\"><strong>XIV FELIN<\/strong> &#8211; <strong><span class=\"has-inline-color has-luminous-vivid-amber-color\">Viv\u00eancias em L\u00edngua Portuguesa<\/span><\/strong>: leitura, l\u00edngua n\u00e3o materna e ensino<\/a><a href=\"https:\/\/felin.pro.br\/wp-content\/uploads\/2024\/03\/FELIN_2022_Ebook_04_VF_site.pdf\" class=\"wp-block-file__button\" download>Download<\/a><\/div>\n\n\n\n<p><\/p>\n","protected":false},"excerpt":{"rendered":"","protected":false},"author":1,"featured_media":0,"parent":0,"menu_order":0,"comment_status":"closed","ping_status":"closed","template":"","meta":[],"_links":{"self":[{"href":"https:\/\/felin.pro.br\/index.php\/wp-json\/wp\/v2\/pages\/41"}],"collection":[{"href":"https:\/\/felin.pro.br\/index.php\/wp-json\/wp\/v2\/pages"}],"about":[{"href":"https:\/\/felin.pro.br\/index.php\/wp-json\/wp\/v2\/types\/page"}],"author":[{"embeddable":true,"href":"https:\/\/felin.pro.br\/index.php\/wp-json\/wp\/v2\/users\/1"}],"replies":[{"embeddable":true,"href":"https:\/\/felin.pro.br\/index.php\/wp-json\/wp\/v2\/comments?post=41"}],"version-history":[{"count":28,"href":"https:\/\/felin.pro.br\/index.php\/wp-json\/wp\/v2\/pages\/41\/revisions"}],"predecessor-version":[{"id":296,"href":"https:\/\/felin.pro.br\/index.php\/wp-json\/wp\/v2\/pages\/41\/revisions\/296"}],"wp:attachment":[{"href":"https:\/\/felin.pro.br\/index.php\/wp-json\/wp\/v2\/media?parent=41"}],"curies":[{"name":"wp","href":"https:\/\/api.w.org\/{rel}","templated":true}]}}